t is the hundreds digit of 26264?
2
What is the tens digit of 5676?
7
What is the units digit of 2690?
0
What is the units digit of 1915?
5
What is the thousands digit of 51455?
1
What is the tens digit of 3856?
5
What is the units digit of 4539?
9
What is the tens digit of 5485?
8
What is the thousands digit of 2662?
2
What is the hundreds digit of 104940?
9
What is the hundreds digit of 990?
9
What is the units digit of 14657?
7
What is the tens digit of 338?
3
What is the hundreds digit of 3898?
8
What is the units digit of 2331?
1
What is the hundreds digit of 6818?
8
What is the hundreds digit of 3229?
2
What is the tens digit of 9896?
9
What is the hundreds digit of 3254?
2
What is the units digit of 13221?
1
What is the tens digit of 87?
8
What is the units digit of 208?
8
What is the tens digit of 16499?
9
What is the thousands digit of 1028?
1
What is the units digit of 451?
1
What is the thousands digit of 2920?
2
What is the tens digit of 50996?
9
What is the thousands digit of 3567?
3
What is the thousands digit of 21550?
1
What is the units digit of 60574?
4
What is the thousands digit of 15419?
5
What is the hundreds digit of 1971?
9
What is the tens digit of 9015?
1
What is the tens digit of 306?
0
What is the ten thousands digit of 152120?
5
What is the units digit of 67760?
0
What is the ten thousands digit of 12030?
1
What is the tens digit of 1632?
3
What is the ten thousands digit of 12455?
1
What is the ten thousands digit of 87411?
8
What is the hundreds digit of 2975?
9
What is the hundreds digit of 37163?
1
What is the units digit of 4454?
4
What is the ten thousands digit of 21787?
2
What is the hundreds digit of 294?
2
What is the thousands digit of 44284?
4
What is the units digit of 1007?
7
What is the tens digit of 20485?
8
What is the tens digit of 17104?
0
What is the units digit of 9907?
7
What is the tens digit of 1991?
9
What is the thousands digit of 2762?
2
What is the hundreds digit of 6342?
3
What is the hundreds digit of 5527?
5
What is the units digit of 12704?
4
What is the thousands digit of 18450?
8
What is the tens digit of 7004?
0
What is the hundreds digit of 782?
7
What is the hundreds digit of 28520?
5
What is the hundreds digit of 504?
5
What is the units digit of 2036?
6
What is the tens digit of 383?
8
What is the tens digit of 22?
2
What is the units digit of 5552?
2
What is the tens digit of 22?
2
What is the tens digit of 1086?
8
What is the thousands digit of 3635?
3
What is the tens digit of 7526?
2
What is the ten thousands digit of 18053?
1
What is the tens digit of 4419?
1
What is the units digit of 38746?
6
What is the tens digit of 703?
0
What is the ten thousands digit of 12492?
1
What is the hundreds digit of 52639?
6
What is the units digit of 327?
7
What is the hundreds digit of 1223?
2
What is the thousands digit of 2337?
2
What is the hundreds digit of 2804?
8
What is the tens digit of 8145?
4
What is the thousands digit of 26126?
6
What is the thousands digit of 6029?
6
What is the ten thousands digit of 24610?
2
What is the tens digit of 3357?
5
What is the units digit of 28948?
8
What is the hundreds digit of 7475?
4
What is the ten thousands digit of 51899?
5
What is the units digit of 512?
2
What is the hundreds digit of 668?
6
What is the ten thousands digit of 21439?
2
What is the tens digit of 17904?
0
What is the thousands digit of 1799?
1
What is the units digit of 21823?
3
What is the thousands digit of 2150?
2
What is the units digit of 1183?
3
What is the hundreds digit of 877?
8
What is the units digit of 21017?
7
What is the units digit of 7744?
4
What is the hundreds digit of 1838?
8
What is the thousands digit of 1815?
1
What is the hundreds digit of 4105?
1
What is the hundreds digit of 738?
7
What is the tens digit of 46716?
1
What is the hundreds digit of 221?
2
What is the units digit of 2793?
3
What is the units digit of 53280?
0
What is the tens digit of 610?
1
What is the units digit of 123?
3
What is the units digit of 7815?
5
What is the units digit of 904?
4
What is the ten thousands digit of 32129?
3
What is the hundreds digit of 153?
1
What is the thousands digit of 3204?
3
What is the tens digit of 22293?
9
What is the tens digit of 16753?
5
What is the tens digit of 14043?
4
What is the thousands digit of 51582?
1
What is the units digit of 9273?
3
What is the tens digit of 5081?
8
What is the hundreds digit of 19748?
7
What is the tens digit of 10286?
8
What is the thousands digit of 17006?
7
What is the tens digit of 12607?
0
What is the hundreds digit of 8231?
2
What is the hundreds digit of 7823?
8
What is the thousands digit of 66914?
6
What is the thousands digit of 61963?
1
What is the hundreds digit of 40624?
6
What is the hundreds digit of 3205?
2
What is the tens digit of 4988?
8
What is the tens digit of 1458?
5
What is the thousands digit of 1054?
1
What is the thousands digit of 1043?
1
What is the hundreds digit of 2805?
8
What is the tens digit of 16082?
8
What is the units digit of 59972?
2
What is the thousands digit of 1036?
1
What is the units digit of 2612?
2
What is the ten thousands digit of 16179?
1
What is the hundreds digit of 24526?
5
What is the hundreds digit of 1427?
4
What is the hundreds digit of 441?
4
What is the units digit of 768?
8
What is the hundreds digit of 7452?
4
What is the hundreds digit of 1391?
3
What is the hundreds digit of 1659?
6
What is the units digit of 3008?
8
What is the units digit of 3949?
9
What is the tens digit of 155?
5
What is the tens digit of 1117?
1
What is the hundreds digit of 87933?
9
What is the hundreds digit of 338?
3
What is the units digit of 3271?
1
What is the hundreds digit of 1304?
3
What is the hundreds digit of 245?
2
What is the thousands digit of 103713?
3
What is the hundreds digit of 7926?
9
What is the tens digit of 28?
2
What is the thousands digit of 10441?
0
What is the thousands digit of 3057?
3
What is the thousands digit of 65914?
5
What is the units digit of 16234?
4
What is the ten thousands digit of 12863?
1
What is the tens digit of 47618?
1
What is the hundreds digit of 18172?
1
What is the thousands digit of 22344?
2
What is the hundreds digit of 513?
5
What is the tens digit of 907?
0
What is the tens digit of 2505?
0
What is the thousands digit of 74487?
4
What is the tens digit of 1996?
9
What is the tens digit of 551?
5
What is the tens digit of 3355?
5
What is the units digit of 2411?
1
What is the hundreds digit of 3424?
4
What is the hundreds digit of 1197?
1
What is the hundreds digit of 48167?
1
What is the thousands digit of 3731?
3
What is the units digit of 1269?
9
What is the units digit of 23159?
9
What is the hundreds digit of 82232?
2
What is the thousands digit of 2130?
2
What is the tens digit of 373?
7
What is the thousands digit of 11811?
1
What is the thousands digit of 32320?
2
What is the thousands digit of 29452?
9
What is the thousands digit of 121618?
1
What is the units digit of 14210?
0
What is the hundreds digit of 891?
8
What is the tens digit of 6326?
2
What is the thousands digit of 1813?
1
What is the thousands digit of 9814?
9
What is the hundreds digit of 1028?
0
What is the tens digit of 13942?
4
What is the units digit of 17912?
2
What is the units digit of 839?
9
What is the hundreds digit of 834?
8
What is the hundreds digit of 2321?
3
What is the hundreds digit of 8078?
0
What is the thousands digit of 2532?
2
What is the tens digit of 168?
6
What is the units digit of 2919?
9
What is the ten thousands digit of 59067?
5
What is the units digit of 6749?
9
What is the tens digit of 48855?
5
What is the thousands digit of 1227?
1
What is the thousands digit of 6110?
6
What is the tens digit of 2556?
5
What is the units digit of 100?
0
What is the tens digit of 3956?
5
What is the hundreds digit of 10794?
7
What is the tens digit of 2860?
6
What is the units digit of 15491?
1
What is the thousands digit of 1308?
1
What is the hundreds digit of 463?
4
What is the tens digit of 27138?
3
What is the thousands digit of 32646?
2
What is the tens digit of 3920?
2
What is the units digit of 983?
3
What is the units digit of 102483?
3
What is the units digit of 157?
7
What is the tens digit of 260?
6
What is the tens dig